) = 2*b + 6. Let n be u(3). Let l be (-3)/n + 17/4. Suppose m - 4*a = 6, -l*m = -0*m - a - 69. What is the tens digit of m?
1
Let d(k) = -16*k + 87. What is the units digit of d(-15)?
7
Let a(k) = 2*k + 4. Let t(s) be the third derivative of s**4/6 + 3*s**3/2 + 4*s**2. Let z(n) = -14*a(n) + 6*t(n). What is the tens digit of z(-4)?
1
Let t(p) be the second derivative of -p**4/12 - 5*p**3/2 - 9*p**2/2 + 6*p. Let b be t(-15). What is the tens digit of 2742/54 - 2/b?
5
Suppose 3*x + 3*m = 426, 4*x - 435 = -m + 136. Suppose 3*h = 136 + x. What is the units digit of h?
3
Let w(d) = 2*d**3 + 23*d**2 - 3*d - 10. What is the hundreds digit of w(7)?
7
Let c = 3433 + -1371. What is the tens digit of c?
6
Let p = 6 + -3. Suppose -p*j = -18 - 114. What is the units digit of j?
4
Suppose 2*i - 6*i + 5*f = -5, -3*f - 11 = -4*i. What is the units digit of 2/i - 1112/(-20)?
6
Let n(s) = -4*s - 5*s**2 - 11 - 2*s + 2*s + 6*s**2. Let y(c) = c**3 + 6*c**2 + 3*c - 2. Let z be y(-5). What is the units digit of n(z)?
1
Suppose 0 = -4*h - 2*j + 7534, 3*j + 7 + 2 = 0. What is the hundreds digit of h?
8
Let v(h) = 125*h - 15. What is the hundreds digit of v(7)?
8
Let r = 66 + -62. What is the tens digit of (-180)/r*(-14)/5?
2
Let q be (0 + -1)*-43 + -3. Suppose q = 6*c - c. What is the units digit of c?
8
Suppose 0 = -3*s + x + 467, 4*s - 636 = 2*x + 2*x. What is the tens digit of 66/s + (-358)/(-14)?
2
Let q(h) = h**3 + 13*h**2 + 3*h + 22. Let z be q(-13). Let t(k) = -8*k + 10. What is the tens digit of t(z)?
4
Suppose -6 = 2*z, 0 = 3*j - 3*z - 1519 - 2597. What is the tens digit of j?
6
Let l be ((-4)/(-5))/((-6)/(-150)). Suppose -283 = -4*c + z + 4*z, -4*z = -l. Suppose 2*o + 23 = c. What is the units digit of o?
7
Let u = 148 - -42. What is the hundreds digit of u?
1
Suppose -10 = 4*j + 2, 2*j = -u + 392. What is the tens digit of u?
9
Let h be 2/(-10) - 2232/40. What is the tens digit of (h - -4)/(3 + -5)?
2
What is the units digit of (-1)/4 + (-9 - 1901/(-4))?
6
Let o(w) = -3*w**3 + 4*w**2 - 5*w - 6. Let t(d) = -4*d**3 + 3*d**2 - 5*d - 7. Let s = 17 - 15. Let f(j) = s*t(j) - 3*o(j). What is the units digit of f(5)?
4
Let c = 756 - 358. What is the tens digit of c?
9
Let u(z) = z + 10. Let k be u(-7). Suppose k*o - 20 + 68 = 0. Let d = o + 30. What is the tens digit of d?
1
Suppose -x = -3*s + 2162, -45*s + 43*s + 3*x + 1439 = 0. What is the units digit of s?
1
Let l = 215 + 64. What is the hundreds digit of l?
2
Suppose 8 = 5*m - c - 3*c, m - 7 = -c. Suppose -m*b = -2*j - 3*j + 229, 0 = 5*j - 3*b - 228. Let a = j - 34. What is the tens digit of a?
1
Let d(y) = -y**2 + 14*y - 14. Let g = 28 - 16. Let j be d(g). What is the units digit of (0 + j)*(-12)/(-8)?
5
Let o(g) be the third derivative of g**4/24 + 3*g**3/2 - g**2. Suppose -37*i - 4*i + 7*i = 0. What is the units digit of o(i)?
9
Suppose -5*q - 1042 = -2*r - 179, 5*r - 2146 = q. What is the tens digit of r?
2
Let w(n) = n**3 + 39*n**2 - 57*n - 47. What is the tens digit of w(-40)?
3
Let f be (-1)/(-5) + (-26)/5. Let m be (f - -2) + -2 + 8. Suppose -m*j = 9 - 132. What is the tens digit of j?
4
Let q(n) = 6*n**2 - 2*n - 1. Let i be q(-1). Let d be (-3)/6 - i/(-2). What is the units digit of -1*(d - (50 - -2))?
9
Suppose 0 = -9*j - 15 + 24. Let w(f) = 19*f**2 + 2*f - 2. What is the tens digit of w(j)?
1
Suppose 5348 = -526*l + 530*l. What is the hundreds digit of l?
3
Suppose r - s = 7, -2*s + 6 = 2*r - 0. Suppose 0*w = -3*k + r*w + 17, 20 = 4*w. Let u = 20 + k. What is the tens digit of u?
3
Let y(b) = b**2 - b. Suppose 2*o + 8 - 2 = 0. Let l be y(o). Suppose l = 4*n - 0*n. What is the units digit of n?
3
Let j = 37 - 22. Let o(q) = 8*q**2 - 15*q - 10. Let x be o(5). Suppose j = -4*l + x. What is the units digit of l?
5
Suppose s + s = 10. Suppose -2*x + s*g + 454 = 0, -5*x + 4*g + 348 = -787. What is the units digit of x?
7
What is the tens digit of (93 - (5 - 0)) + 5?
9
Let n = -4090 - -7154. What is the hundreds digit of n?
0
Let z = -61 + 66. Suppose z*v - 444 = 2*v. What is the tens digit of v?
4
Let w = -1541 - -2683. What is the thousands digit of w?
1
Let d(u) = 5*u**2 - 7*u - 4. Let p be d(6). Suppose p - 81 = x. What is the units digit of x?
3
What is the tens digit of 0 + 2946 - (19 + -8 - 7)?
4
Let k be (10/(-2))/(1/3). Let z = 85 + k. What is the tens digit of z/(-4)*16/(-5)?
5
Let o(m) = -18*m**3 + m**2 + m. Let t(p) = -p - 3. Let k be t(-2). Let f be o(k). Suppose s - 54 + f = 0. What is the units digit of s?
6
Let p(k) = 246*k**2 + 14*k - 21. What is the tens digit of p(2)?
9
Let o(d) = d**3 + 3*d**2 - 28*d + 27. What is the tens digit of o(6)?
8
Suppose -2*m - 169 + 887 = 0. What is the tens digit of m?
5
What is the tens digit of -2*(2 + -2444 + -11)?
0
Let l = 13 - 11. Suppose q = -3*s + 30, -3*s - 105 = -6*q + l*q. What is the units digit of q?
7
Let i = 0 + -2. Let z be 78 + (-1 + 1)/i. Let v = 120 - z. What is the units digit of v?
2
Suppose -3*f + 5*f - 4 = 0. Let l(t) be the second derivative of 2*t**4/3 - 2*t**3/3 + 5*t**2/2 + 3*t. What is the units digit of l(f)?
9
Suppose -935 = -5*b + 175. Let h = b + -144. What is the units digit of h?
8
Let t(h) = 13*h**2 + 2*h + 2. Let w be t(-4). Suppose 3*x = 275 + w. What is the hundreds digit of x?
1
Let t = 9557 - 6726. What is the tens digit of t?
3
Let m(f) = 5*f**2 - 6*f - 5. Suppose -c = 2*r + 2, r + 0*r - 2*c + 11 = 0. What is the tens digit of m(r)?
5
Let n(u) = -480*u**3 + u**2 - u - 14. What is the units digit of n(-2)?
2
Suppose 35*p + 291 = 38*p. What is the tens digit of p?
9
Let s(v) = -4*v + 6. Let j be s(5). Let p = -8 + 35. Let h = p - j. What is the units digit of h?
1
Suppose -2*r - 5*c + 0*c = -1145, 3*c = -2*r + 1143. What is the tens digit of r?
7
Let v(i) = -i**3 - 4*i**2 + 8*i + 11. Let k be v(-5). Let r = k - -9. What is the units digit of r?
5
Suppose -z - 9 = -34. Suppose z = -5*l, m + 5*l = 4*m - 976. What is the units digit of m?
7
Let s be 1036/36 - 2/(-9). Suppose -4*c + 3*v = -77, -s - 65 = -3*c - 5*v. What is the units digit of c?
3
Let h(p) = 10*p - 5. Let n be h(1). Suppose -20 = -5*j, 3*s + 6*j = n*j + 142. What is the units digit of s?
6
Let c be 24/(-18)*-3*1. Let d be ((-23)/c)/(15/(-60)). Let l = -10 + d. What is the units digit of l?
3
Let z = -765 - -1397. What is the tens digit of z?
3
Let h(k) be the second derivative of 3*k**5/10 - k**4/12 - 5*k**3/6 + 7*k**2/2 - 21*k. What is the tens digit of h(3)?
4
Suppose -4*y + 4*c + 336 = 0, -4*c + 157 = 5*y - 308. Suppose -p = 2*p - l + y, p + 18 = -2*l. Let v = -23 - p. What is the units digit of v?
5
Suppose 42 = -2*b - 2*l - 2*l, -19 = 3*b - 5*l. Suppose -2*o = -3*o + 23. Let f = o + b. What is the units digit of f?
0
Suppose 3*h - 2*h = -3*a + 1367, 4*a + 4*h - 1812 = 0. What is the units digit of a?
7
Let r(a) = a - 3 + 0 + 5*a. Suppose -4*p + 4*w + 8 = 0, -4*p + 13 = -0*p + w. What is the units digit of r(p)?
5
Let a(c) = c**2 + 19*c + 5. Let v be a(-19). Suppose -4*i - 101 = -v*d - 0*d, 0 = 5*d + 2*i - 77. What is the tens digit of d?
1
Suppose -2*q + 6*u + 8 = 2*u, -5*q = 3*u - 59. Suppose 3*m - 4 = -5*g, 0*m = 2*g - 3*m - q. Suppose g + 19 = y. What is the units digit of y?
1
Suppose 5*q - 4*v = -6*v - 547, 3*v = -3. Let j = q + 146. What is the tens digit of j?
3
Suppose -11*y + 32 = -9*y. Let i = y + -7. What is the tens digit of (3*i)/(33/44)?
3
Let y be ((-349 - -1)*(-12)/(-16))/(-1). Let s = -118 + y. What is the units digit of s?
3
What is the tens digit of -89*(-3 - (-4)/2)?
8
Let k(b) = b**3 - 11*b**2 + b - 4. Let y be k(11). Let r(p) = 2*p + 3. Let c be r(y). Suppose -2*f + c = -17. What is the tens digit of f?
1
Let n(v) = -83*v**2 - v + 2. Let m(t) = 250*t**2 + 4*t - 6. Let o(z) = -2*m(z) - 7*n(z). Let c be (-9)/7 + (-4)/(-14). What is the tens digit of o(c)?
8
Suppose -2*i - 2 = -10. Suppose 0 = -2*v - i, -4*a + 78 = -0*a - 5*v. What is the units digit of (7 - a)/((-2)/4)?
0
Suppose -4*f + q + 293 = 0, 22*f = 24*f - 5*q - 151. What is the units digit of f?
3
Suppose 2*t - 5*r - 14 = -2*r, -4*t + 3*r = -22. Suppose -3*a - 4*l = -80, t*l = 4*a - a - 40. What is the tens digit of 452/a + 6/15?
2
Suppose 0 = 22*m - 27*m + 30. Suppose -456 = -10*b + m*b. What is the hundreds digit of b?
1
Let b = 35 + -30. Suppose 0 = -4*l - k + 24, l - 